{"id":571,"date":"2024-04-09T13:15:34","date_gmt":"2024-04-09T11:15:34","guid":{"rendered":"https:\/\/simm-system.pl\/?page_id=571"},"modified":"2024-04-09T14:08:33","modified_gmt":"2024-04-09T12:08:33","slug":"oferta-2","status":"publish","type":"page","link":"https:\/\/simm-system.pl\/?page_id=571","title":{"rendered":"OFERTA"},"content":{"rendered":"\n<ol class=\"wp-block-list\">\n<li class=\"has-medium-font-size\"><strong>Szkolenia dla pracownik\u00f3w firm \/ instytucji<\/strong><\/li>\n\n\n\n<li class=\"has-medium-font-size\"><strong>Szkolenia dla nauczycieli <mark style=\"background-color:rgba(0, 0, 0, 0)\" class=\"has-inline-color has-cyan-bluish-gray-color\">[Edukacja dla bezpiecze\u0144stwa]<\/mark><\/strong><\/li>\n\n\n\n<li class=\"has-medium-font-size\"><strong>Szkolenia dla dzieci i m\u0142odzie\u017cy w szko\u0142ach\/przedszkolach<\/strong> *<\/li>\n\n\n\n<li class=\"has-medium-font-size\"><strong>Szkolenia dla jednostek samorz\u0105d\u00f3w terytorialnych<\/strong><\/li>\n\n\n\n<li class=\"has-medium-font-size\"><strong>Szkolenia pediatryczne<\/strong><\/li>\n\n\n\n<li class=\"has-medium-font-size\"><strong>Szkolenia indywidualne <\/strong><\/li>\n\n\n\n<li class=\"has-medium-font-size\"><strong>Szkolenia z zakresu bezpiecze\u0144stwa i udzielania pierwszej pomocy w obiektach i przestrzeni pulicznej<\/strong><\/li>\n\n\n\n<li class=\"has-medium-font-size\"><strong>Szkolenia z pierwszej pomocy <mark style=\"background-color:rgba(0, 0, 0, 0)\" class=\"has-inline-color has-cyan-bluish-gray-color\">on-line\/webinary<\/mark><\/strong><\/li>\n\n\n\n<li class=\"has-medium-font-size\"><strong>Zabezpieczanie imprez masowych i sportowych<\/strong><\/li>\n\n\n\n<li class=\"has-medium-font-size\"><strong>Organizowanie event\u00f3w\/wydarze\u0144 dotycz\u0105cych pierwszej pomocy<\/strong><\/li>\n<\/ol>\n\n\n\n<p class=\"has-cyan-bluish-gray-background-color has-background has-medium-font-size\"><strong><mark style=\"background-color:rgba(0, 0, 0, 0)\" class=\"has-inline-color has-black-color\">Ceny szkole\u0144 ustalane s\u0105 zawsze indywidualnie z klientem. <\/mark><\/strong><br><strong>Jest to zdecydowanie korzystniejsza opcja, poniewa\u017c na cen\u0119 szkolenia sk\u0142ada si\u0119 wiele czynnik\u00f3w, m.in.:<br>&#8211; ilo\u015b\u0107 uczestnik\u00f3w,<br>&#8211; ilo\u015b\u0107 spotka\u0144,<br>&#8211; czas trwania szkolenia,<br>&#8211; miejsce szkolenia.<\/strong><\/p>\n\n\n\n<p class=\"has-cyan-bluish-gray-background-color has-background has-medium-font-size\">* <strong>Szkolenia dla dzieci i m\u0142odzie\u017cy s\u0105 dla nas <mark style=\"background-color:rgba(0, 0, 0, 0)\" class=\"has-inline-color has-black-color\">PRIORYTETEM<\/mark>, dlatego ich cena b\u0119dzie zawsze zdecydowanie ni\u017csza ni\u017c cena szkole\u0144 dla os\u00f3b doros\u0142ych. <\/strong><br><strong>Wierzymy bowiem, \u017ce du\u017ca taryfa ulgowa zaowocuje w przysz\u0142o\u015bci, poniewa\u017c dzieci maj\u0105 ogromn\u0105 moc!<\/strong><\/p>\n","protected":false},"excerpt":{"rendered":"<p>Ceny szkole\u0144 ustalane s\u0105 zawsze indywidualnie z klientem. Jest to zdecydowanie korzystniejsza opcja, poniewa\u017c na cen\u0119 szkolenia sk\u0142ada si\u0119 wiele czynnik\u00f3w, m.in.:&#8211; ilo\u015b\u0107 uczestnik\u00f3w,&#8211; ilo\u015b\u0107&hellip;<\/p>\n","protected":false},"author":1,"featured_media":0,"parent":0,"menu_order":0,"comment_status":"closed","ping_status":"closed","template":"","meta":{"footnotes":""},"class_list":["post-571","page","type-page","status-publish","hentry"],"yoast_head":"<!-- This site is optimized with the Yoast SEO plugin v20.0 - https:\/\/yoast.com\/wordpress\/plugins\/seo\/ -->\n<title>OFERTA - simm-system<\/title>\n<meta name=\"robots\" content=\"index, follow, max-snippet:-1, max-image-preview:large, max-video-preview:-1\" \/>\n<link rel=\"canonical\" href=\"https:\/\/simm-system.pl\/?page_id=571\" \/>\n<meta property=\"og:locale\" content=\"pl_PL\" \/>\n<meta property=\"og:type\" content=\"article\" \/>\n<meta property=\"og:title\" content=\"OFERTA - simm-system\" \/>\n<meta property=\"og:description\" content=\"Ceny szkole\u0144 ustalane s\u0105 zawsze indywidualnie z klientem. Jest to zdecydowanie korzystniejsza opcja, poniewa\u017c na cen\u0119 szkolenia sk\u0142ada si\u0119 wiele czynnik\u00f3w, m.in.:&#8211; ilo\u015b\u0107 uczestnik\u00f3w,&#8211; ilo\u015b\u0107&hellip;\" \/>\n<meta property=\"og:url\" content=\"https:\/\/simm-system.pl\/?page_id=571\" \/>\n<meta property=\"og:site_name\" content=\"simm-system\" \/>\n<meta property=\"article:modified_time\" content=\"2024-04-09T12:08:33+00:00\" \/>\n<meta name=\"twitter:card\" content=\"summary_large_image\" \/>\n<meta name=\"twitter:label1\" content=\"Szacowany czas czytania\" \/>\n\t<meta name=\"twitter:data1\" content=\"1 minuta\" \/>\n<script type=\"application\/ld+json\" class=\"yoast-schema-graph\">{\"@context\":\"https:\/\/schema.org\",\"@graph\":[{\"@type\":\"WebPage\",\"@id\":\"https:\/\/simm-system.pl\/?page_id=571\",\"url\":\"https:\/\/simm-system.pl\/?page_id=571\",\"name\":\"OFERTA - simm-system\",\"isPartOf\":{\"@id\":\"https:\/\/simm-system.pl\/#website\"},\"datePublished\":\"2024-04-09T11:15:34+00:00\",\"dateModified\":\"2024-04-09T12:08:33+00:00\",\"breadcrumb\":{\"@id\":\"https:\/\/simm-system.pl\/?page_id=571#breadcrumb\"},\"inLanguage\":\"pl-PL\",\"potentialAction\":[{\"@type\":\"ReadAction\",\"target\":[\"https:\/\/simm-system.pl\/?page_id=571\"]}]},{\"@type\":\"BreadcrumbList\",\"@id\":\"https:\/\/simm-system.pl\/?page_id=571#breadcrumb\",\"itemListElement\":[{\"@type\":\"ListItem\",\"position\":1,\"name\":\"Home\",\"item\":\"https:\/\/simm-system.pl\/\"},{\"@type\":\"ListItem\",\"position\":2,\"name\":\"OFERTA\"}]},{\"@type\":\"WebSite\",\"@id\":\"https:\/\/simm-system.pl\/#website\",\"url\":\"https:\/\/simm-system.pl\/\",\"name\":\"simm-system\",\"description\":\"Szkolenia za zakresu pierwszej pomocy BLS AED\",\"potentialAction\":[{\"@type\":\"SearchAction\",\"target\":{\"@type\":\"EntryPoint\",\"urlTemplate\":\"https:\/\/simm-system.pl\/?s={search_term_string}\"},\"query-input\":\"required name=search_term_string\"}],\"inLanguage\":\"pl-PL\"}]}<\/script>\n<!-- \/ Yoast SEO plugin. -->","yoast_head_json":{"title":"OFERTA - simm-system","robots":{"index":"index","follow":"follow","max-snippet":"max-snippet:-1","max-image-preview":"max-image-preview:large","max-video-preview":"max-video-preview:-1"},"canonical":"https:\/\/simm-system.pl\/?page_id=571","og_locale":"pl_PL","og_type":"article","og_title":"OFERTA - simm-system","og_description":"Ceny szkole\u0144 ustalane s\u0105 zawsze indywidualnie z klientem. Jest to zdecydowanie korzystniejsza opcja, poniewa\u017c na cen\u0119 szkolenia sk\u0142ada si\u0119 wiele czynnik\u00f3w, m.in.:&#8211; ilo\u015b\u0107 uczestnik\u00f3w,&#8211; ilo\u015b\u0107&hellip;","og_url":"https:\/\/simm-system.pl\/?page_id=571","og_site_name":"simm-system","article_modified_time":"2024-04-09T12:08:33+00:00","twitter_card":"summary_large_image","twitter_misc":{"Szacowany czas czytania":"1 minuta"},"schema":{"@context":"https:\/\/schema.org","@graph":[{"@type":"WebPage","@id":"https:\/\/simm-system.pl\/?page_id=571","url":"https:\/\/simm-system.pl\/?page_id=571","name":"OFERTA - simm-system","isPartOf":{"@id":"https:\/\/simm-system.pl\/#website"},"datePublished":"2024-04-09T11:15:34+00:00","dateModified":"2024-04-09T12:08:33+00:00","breadcrumb":{"@id":"https:\/\/simm-system.pl\/?page_id=571#breadcrumb"},"inLanguage":"pl-PL","potentialAction":[{"@type":"ReadAction","target":["https:\/\/simm-system.pl\/?page_id=571"]}]},{"@type":"BreadcrumbList","@id":"https:\/\/simm-system.pl\/?page_id=571#breadcrumb","itemListElement":[{"@type":"ListItem","position":1,"name":"Home","item":"https:\/\/simm-system.pl\/"},{"@type":"ListItem","position":2,"name":"OFERTA"}]},{"@type":"WebSite","@id":"https:\/\/simm-system.pl\/#website","url":"https:\/\/simm-system.pl\/","name":"simm-system","description":"Szkolenia za zakresu pierwszej pomocy BLS AED","potentialAction":[{"@type":"SearchAction","target":{"@type":"EntryPoint","urlTemplate":"https:\/\/simm-system.pl\/?s={search_term_string}"},"query-input":"required name=search_term_string"}],"inLanguage":"pl-PL"}]}},"_links":{"self":[{"href":"https:\/\/simm-system.pl\/index.php?rest_route=\/wp\/v2\/pages\/571","targetHints":{"allow":["GET"]}}],"collection":[{"href":"https:\/\/simm-system.pl\/index.php?rest_route=\/wp\/v2\/pages"}],"about":[{"href":"https:\/\/simm-system.pl\/index.php?rest_route=\/wp\/v2\/types\/page"}],"author":[{"embeddable":true,"href":"https:\/\/simm-system.pl\/index.php?rest_route=\/wp\/v2\/users\/1"}],"replies":[{"embeddable":true,"href":"https:\/\/simm-system.pl\/index.php?rest_route=%2Fwp%2Fv2%2Fcomments&post=571"}],"version-history":[{"count":5,"href":"https:\/\/simm-system.pl\/index.php?rest_route=\/wp\/v2\/pages\/571\/revisions"}],"predecessor-version":[{"id":595,"href":"https:\/\/simm-system.pl\/index.php?rest_route=\/wp\/v2\/pages\/571\/revisions\/595"}],"wp:attachment":[{"href":"https:\/\/simm-system.pl\/index.php?rest_route=%2Fwp%2Fv2%2Fmedia&parent=571"}],"curies":[{"name":"wp","href":"https:\/\/api.w.org\/{rel}","templated":true}]}}