{"id":246,"date":"2023-12-26T19:19:53","date_gmt":"2023-12-26T18:19:53","guid":{"rendered":"http:\/\/simm-system.pl\/?page_id=246"},"modified":"2024-02-25T22:00:31","modified_gmt":"2024-02-25T21:00:31","slug":"wojewodzki-szpital-specjalistyczny","status":"publish","type":"page","link":"http:\/\/simm-system.pl\/?page_id=246","title":{"rendered":"WOJEW\u00d3DZKI SZPITAL SPECJALISTYCZNY"},"content":{"rendered":"\n<p>WOJEW\u00d3DZKI SZPITAL SPECJALISTYCZNY WE WROC\u0141AWIU, UL. KAMIE\u0143SKIEGO<\/p>\n\n\n\n<figure class=\"wp-block-gallery has-nested-images columns-default is-cropped wp-block-gallery-1 is-layout-flex wp-block-gallery-is-layout-flex\">\n<figure class=\"wp-block-image size-large\"><img loading=\"lazy\" decoding=\"async\" width=\"1024\" height=\"768\" data-id=\"448\" src=\"https:\/\/simm-system.pl\/wp-content\/uploads\/2024\/02\/img_20231124_144628-1024x768.jpg\" alt=\"\" class=\"wp-image-448\" srcset=\"http:\/\/simm-system.pl\/wp-content\/uploads\/2024\/02\/img_20231124_144628-1024x768.jpg 1024w, http:\/\/simm-system.pl\/wp-content\/uploads\/2024\/02\/img_20231124_144628-300x225.jpg 300w, http:\/\/simm-system.pl\/wp-content\/uploads\/2024\/02\/img_20231124_144628-768x576.jpg 768w, http:\/\/simm-system.pl\/wp-content\/uploads\/2024\/02\/img_20231124_144628-1536x1152.jpg 1536w, http:\/\/simm-system.pl\/wp-content\/uploads\/2024\/02\/img_20231124_144628-2048x1536.jpg 2048w, http:\/\/simm-system.pl\/wp-content\/uploads\/2024\/02\/img_20231124_144628-600x450.jpg 600w\" sizes=\"auto, (max-width: 1024px) 100vw, 1024px\" \/><\/figure>\n<\/figure>\n\n\n\n<div class=\"wp-block-group is-nowrap is-layout-flex wp-container-core-group-is-layout-ad2f72ca wp-block-group-is-layout-flex\">\n<figure class=\"wp-block-gallery has-nested-images columns-default is-cropped wp-block-gallery-2 is-layout-flex wp-block-gallery-is-layout-flex\">\n<figure class=\"wp-block-image size-large\"><img loading=\"lazy\" decoding=\"async\" width=\"1536\" height=\"1536\" data-id=\"469\" src=\"https:\/\/simm-system.pl\/wp-content\/uploads\/2024\/02\/405820722_315718437936559_1931714749173295359_n-2-edited-1.jpg\" alt=\"\" class=\"wp-image-469\" srcset=\"http:\/\/simm-system.pl\/wp-content\/uploads\/2024\/02\/405820722_315718437936559_1931714749173295359_n-2-edited-1.jpg 1536w, http:\/\/simm-system.pl\/wp-content\/uploads\/2024\/02\/405820722_315718437936559_1931714749173295359_n-2-edited-1-300x300.jpg 300w, http:\/\/simm-system.pl\/wp-content\/uploads\/2024\/02\/405820722_315718437936559_1931714749173295359_n-2-edited-1-1024x1024.jpg 1024w, http:\/\/simm-system.pl\/wp-content\/uploads\/2024\/02\/405820722_315718437936559_1931714749173295359_n-2-edited-1-150x150.jpg 150w, http:\/\/simm-system.pl\/wp-content\/uploads\/2024\/02\/405820722_315718437936559_1931714749173295359_n-2-edited-1-768x768.jpg 768w, http:\/\/simm-system.pl\/wp-content\/uploads\/2024\/02\/405820722_315718437936559_1931714749173295359_n-2-edited-1-600x600.jpg 600w, http:\/\/simm-system.pl\/wp-content\/uploads\/2024\/02\/405820722_315718437936559_1931714749173295359_n-2-edited-1-100x100.jpg 100w\" sizes=\"auto, (max-width: 1536px) 100vw, 1536px\" \/><\/figure>\n<\/figure>\n\n\n\n<div class=\"wp-block-group is-nowrap is-layout-flex wp-container-core-group-is-layout-ad2f72ca wp-block-group-is-layout-flex\">\n<figure class=\"wp-block-gallery has-nested-images columns-default is-cropped wp-block-gallery-3 is-layout-flex wp-block-gallery-is-layout-flex\">\n<figure class=\"wp-block-image size-large\"><img loading=\"lazy\" decoding=\"async\" width=\"2560\" height=\"2560\" data-id=\"464\" src=\"https:\/\/simm-system.pl\/wp-content\/uploads\/2024\/02\/img_20231125_095018-1-edited-scaled.jpg\" alt=\"\" class=\"wp-image-464\" srcset=\"http:\/\/simm-system.pl\/wp-content\/uploads\/2024\/02\/img_20231125_095018-1-edited-scaled.jpg 2560w, http:\/\/simm-system.pl\/wp-content\/uploads\/2024\/02\/img_20231125_095018-1-edited-300x300.jpg 300w, http:\/\/simm-system.pl\/wp-content\/uploads\/2024\/02\/img_20231125_095018-1-edited-1024x1024.jpg 1024w, http:\/\/simm-system.pl\/wp-content\/uploads\/2024\/02\/img_20231125_095018-1-edited-150x150.jpg 150w, http:\/\/simm-system.pl\/wp-content\/uploads\/2024\/02\/img_20231125_095018-1-edited-768x768.jpg 768w, http:\/\/simm-system.pl\/wp-content\/uploads\/2024\/02\/img_20231125_095018-1-edited-1536x1536.jpg 1536w, http:\/\/simm-system.pl\/wp-content\/uploads\/2024\/02\/img_20231125_095018-1-edited-2048x2048.jpg 2048w, http:\/\/simm-system.pl\/wp-content\/uploads\/2024\/02\/img_20231125_095018-1-edited-600x600.jpg 600w, http:\/\/simm-system.pl\/wp-content\/uploads\/2024\/02\/img_20231125_095018-1-edited-100x100.jpg 100w\" sizes=\"auto, (max-width: 2560px) 100vw, 2560px\" \/><\/figure>\n<\/figure>\n<\/div>\n<\/div>\n\n\n\n<figure class=\"wp-block-gallery has-nested-images columns-default is-cropped wp-block-gallery-4 is-layout-flex wp-block-gallery-is-layout-flex\">\n<figure class=\"wp-block-image size-large is-style-default\"><img loading=\"lazy\" decoding=\"async\" width=\"770\" height=\"1024\" data-id=\"453\" src=\"https:\/\/simm-system.pl\/wp-content\/uploads\/2024\/02\/img_20231125_135901-1-770x1024.jpg\" alt=\"\" class=\"wp-image-453\" srcset=\"http:\/\/simm-system.pl\/wp-content\/uploads\/2024\/02\/img_20231125_135901-1-770x1024.jpg 770w, http:\/\/simm-system.pl\/wp-content\/uploads\/2024\/02\/img_20231125_135901-1-226x300.jpg 226w, http:\/\/simm-system.pl\/wp-content\/uploads\/2024\/02\/img_20231125_135901-1-768x1022.jpg 768w, http:\/\/simm-system.pl\/wp-content\/uploads\/2024\/02\/img_20231125_135901-1-1155x1536.jpg 1155w, http:\/\/simm-system.pl\/wp-content\/uploads\/2024\/02\/img_20231125_135901-1-1540x2048.jpg 1540w, http:\/\/simm-system.pl\/wp-content\/uploads\/2024\/02\/img_20231125_135901-1-600x798.jpg 600w, http:\/\/simm-system.pl\/wp-content\/uploads\/2024\/02\/img_20231125_135901-1-scaled.jpg 1924w\" sizes=\"auto, (max-width: 770px) 100vw, 770px\" \/><\/figure>\n\n\n\n<figure class=\"wp-block-image size-large\"><img loading=\"lazy\" decoding=\"async\" width=\"2560\" height=\"2560\" data-id=\"455\" src=\"https:\/\/simm-system.pl\/wp-content\/uploads\/2024\/02\/img_20231125_120410-edited-scaled.jpg\" alt=\"\" class=\"wp-image-455\" srcset=\"http:\/\/simm-system.pl\/wp-content\/uploads\/2024\/02\/img_20231125_120410-edited-scaled.jpg 2560w, http:\/\/simm-system.pl\/wp-content\/uploads\/2024\/02\/img_20231125_120410-edited-300x300.jpg 300w, http:\/\/simm-system.pl\/wp-content\/uploads\/2024\/02\/img_20231125_120410-edited-1024x1024.jpg 1024w, http:\/\/simm-system.pl\/wp-content\/uploads\/2024\/02\/img_20231125_120410-edited-150x150.jpg 150w, http:\/\/simm-system.pl\/wp-content\/uploads\/2024\/02\/img_20231125_120410-edited-768x768.jpg 768w, http:\/\/simm-system.pl\/wp-content\/uploads\/2024\/02\/img_20231125_120410-edited-1536x1536.jpg 1536w, http:\/\/simm-system.pl\/wp-content\/uploads\/2024\/02\/img_20231125_120410-edited-2048x2048.jpg 2048w, http:\/\/simm-system.pl\/wp-content\/uploads\/2024\/02\/img_20231125_120410-edited-600x600.jpg 600w, http:\/\/simm-system.pl\/wp-content\/uploads\/2024\/02\/img_20231125_120410-edited-100x100.jpg 100w\" sizes=\"auto, (max-width: 2560px) 100vw, 2560px\" \/><\/figure>\n\n\n\n<figure class=\"wp-block-image size-large\"><img loading=\"lazy\" decoding=\"async\" width=\"769\" height=\"1024\" data-id=\"463\" src=\"https:\/\/simm-system.pl\/wp-content\/uploads\/2024\/02\/406062947_315280151313721_7359488385389549119_n-2-769x1024.jpg\" alt=\"\" class=\"wp-image-463\" srcset=\"http:\/\/simm-system.pl\/wp-content\/uploads\/2024\/02\/406062947_315280151313721_7359488385389549119_n-2-769x1024.jpg 769w, http:\/\/simm-system.pl\/wp-content\/uploads\/2024\/02\/406062947_315280151313721_7359488385389549119_n-2-225x300.jpg 225w, http:\/\/simm-system.pl\/wp-content\/uploads\/2024\/02\/406062947_315280151313721_7359488385389549119_n-2-768x1022.jpg 768w, http:\/\/simm-system.pl\/wp-content\/uploads\/2024\/02\/406062947_315280151313721_7359488385389549119_n-2-1154x1536.jpg 1154w, http:\/\/simm-system.pl\/wp-content\/uploads\/2024\/02\/406062947_315280151313721_7359488385389549119_n-2-600x798.jpg 600w, http:\/\/simm-system.pl\/wp-content\/uploads\/2024\/02\/406062947_315280151313721_7359488385389549119_n-2.jpg 1170w\" sizes=\"auto, (max-width: 769px) 100vw, 769px\" \/><\/figure>\n<\/figure>\n\n\n\n<div class=\"wp-block-group is-nowrap is-layout-flex wp-container-core-group-is-layout-ad2f72ca wp-block-group-is-layout-flex\">\n<figure class=\"wp-block-image size-large\"><img loading=\"lazy\" decoding=\"async\" width=\"768\" height=\"1024\" src=\"https:\/\/simm-system.pl\/wp-content\/uploads\/2024\/02\/img_20231126_120918-1-768x1024.jpg\" alt=\"\" class=\"wp-image-456\" srcset=\"http:\/\/simm-system.pl\/wp-content\/uploads\/2024\/02\/img_20231126_120918-1-768x1024.jpg 768w, http:\/\/simm-system.pl\/wp-content\/uploads\/2024\/02\/img_20231126_120918-1-225x300.jpg 225w, http:\/\/simm-system.pl\/wp-content\/uploads\/2024\/02\/img_20231126_120918-1-1152x1536.jpg 1152w, http:\/\/simm-system.pl\/wp-content\/uploads\/2024\/02\/img_20231126_120918-1-1536x2048.jpg 1536w, http:\/\/simm-system.pl\/wp-content\/uploads\/2024\/02\/img_20231126_120918-1-600x800.jpg 600w, http:\/\/simm-system.pl\/wp-content\/uploads\/2024\/02\/img_20231126_120918-1-scaled.jpg 1920w\" sizes=\"auto, (max-width: 768px) 100vw, 768px\" \/><\/figure>\n\n\n\n<figure class=\"wp-block-image size-large\"><img loading=\"lazy\" decoding=\"async\" width=\"768\" height=\"1024\" src=\"https:\/\/simm-system.pl\/wp-content\/uploads\/2024\/02\/img_20231125_135824-1-768x1024.jpg\" alt=\"\" class=\"wp-image-451\" srcset=\"http:\/\/simm-system.pl\/wp-content\/uploads\/2024\/02\/img_20231125_135824-1-768x1024.jpg 768w, http:\/\/simm-system.pl\/wp-content\/uploads\/2024\/02\/img_20231125_135824-1-225x300.jpg 225w, http:\/\/simm-system.pl\/wp-content\/uploads\/2024\/02\/img_20231125_135824-1-1152x1536.jpg 1152w, http:\/\/simm-system.pl\/wp-content\/uploads\/2024\/02\/img_20231125_135824-1-1536x2048.jpg 1536w, http:\/\/simm-system.pl\/wp-content\/uploads\/2024\/02\/img_20231125_135824-1-600x800.jpg 600w, http:\/\/simm-system.pl\/wp-content\/uploads\/2024\/02\/img_20231125_135824-1-scaled.jpg 1920w\" sizes=\"auto, (max-width: 768px) 100vw, 768px\" \/><\/figure>\n<\/div>\n\n\n\n<figure class=\"wp-block-image size-large\"><img loading=\"lazy\" decoding=\"async\" width=\"1024\" height=\"769\" src=\"https:\/\/simm-system.pl\/wp-content\/uploads\/2024\/02\/406074378_315714857936917_3307871469536826577_n-2-1024x769.jpg\" alt=\"\" class=\"wp-image-470\" srcset=\"http:\/\/simm-system.pl\/wp-content\/uploads\/2024\/02\/406074378_315714857936917_3307871469536826577_n-2-1024x769.jpg 1024w, http:\/\/simm-system.pl\/wp-content\/uploads\/2024\/02\/406074378_315714857936917_3307871469536826577_n-2-300x225.jpg 300w, http:\/\/simm-system.pl\/wp-content\/uploads\/2024\/02\/406074378_315714857936917_3307871469536826577_n-2-768x577.jpg 768w, http:\/\/simm-system.pl\/wp-content\/uploads\/2024\/02\/406074378_315714857936917_3307871469536826577_n-2-600x451.jpg 600w, http:\/\/simm-system.pl\/wp-content\/uploads\/2024\/02\/406074378_315714857936917_3307871469536826577_n-2.jpg 1170w\" sizes=\"auto, (max-width: 1024px) 100vw, 1024px\" \/><\/figure>\n\n\n\n<div class=\"wp-block-group is-nowrap is-layout-flex wp-container-core-group-is-layout-ad2f72ca wp-block-group-is-layout-flex\">\n<figure class=\"wp-block-gallery has-nested-images columns-default is-cropped wp-block-gallery-5 is-layout-flex wp-block-gallery-is-layout-flex\">\n<figure class=\"wp-block-image size-large\"><img loading=\"lazy\" decoding=\"async\" width=\"1024\" height=\"769\" data-id=\"457\" src=\"https:\/\/simm-system.pl\/wp-content\/uploads\/2024\/02\/405753103_315715767936826_4718789910367936734_n-1-1024x769.jpg\" alt=\"\" class=\"wp-image-457\" srcset=\"http:\/\/simm-system.pl\/wp-content\/uploads\/2024\/02\/405753103_315715767936826_4718789910367936734_n-1-1024x769.jpg 1024w, http:\/\/simm-system.pl\/wp-content\/uploads\/2024\/02\/405753103_315715767936826_4718789910367936734_n-1-300x225.jpg 300w, http:\/\/simm-system.pl\/wp-content\/uploads\/2024\/02\/405753103_315715767936826_4718789910367936734_n-1-768x577.jpg 768w, http:\/\/simm-system.pl\/wp-content\/uploads\/2024\/02\/405753103_315715767936826_4718789910367936734_n-1-600x451.jpg 600w, http:\/\/simm-system.pl\/wp-content\/uploads\/2024\/02\/405753103_315715767936826_4718789910367936734_n-1.jpg 1170w\" sizes=\"auto, (max-width: 1024px) 100vw, 1024px\" \/><\/figure>\n\n\n\n<figure class=\"wp-block-image size-large\"><img loading=\"lazy\" decoding=\"async\" width=\"769\" height=\"1024\" data-id=\"458\" src=\"https:\/\/simm-system.pl\/wp-content\/uploads\/2024\/02\/405767203_315280554647014_681744315491761759_n-1-769x1024.jpg\" alt=\"\" class=\"wp-image-458\" srcset=\"http:\/\/simm-system.pl\/wp-content\/uploads\/2024\/02\/405767203_315280554647014_681744315491761759_n-1-769x1024.jpg 769w, http:\/\/simm-system.pl\/wp-content\/uploads\/2024\/02\/405767203_315280554647014_681744315491761759_n-1-225x300.jpg 225w, http:\/\/simm-system.pl\/wp-content\/uploads\/2024\/02\/405767203_315280554647014_681744315491761759_n-1-768x1022.jpg 768w, http:\/\/simm-system.pl\/wp-content\/uploads\/2024\/02\/405767203_315280554647014_681744315491761759_n-1-1154x1536.jpg 1154w, http:\/\/simm-system.pl\/wp-content\/uploads\/2024\/02\/405767203_315280554647014_681744315491761759_n-1-600x798.jpg 600w, http:\/\/simm-system.pl\/wp-content\/uploads\/2024\/02\/405767203_315280554647014_681744315491761759_n-1.jpg 1170w\" sizes=\"auto, (max-width: 769px) 100vw, 769px\" \/><\/figure>\n<\/figure>\n<\/div>\n","protected":false},"excerpt":{"rendered":"<p>WOJEW\u00d3DZKI SZPITAL SPECJALISTYCZNY WE WROC\u0141AWIU, UL. KAMIE\u0143SKIEGO<\/p>\n","protected":false},"author":1,"featured_media":0,"parent":0,"menu_order":0,"comment_status":"closed","ping_status":"closed","template":"","meta":{"footnotes":""},"class_list":["post-246","page","type-page","status-publish","hentry"],"yoast_head":"<!-- This site is optimized with the Yoast SEO plugin v20.0 - https:\/\/yoast.com\/wordpress\/plugins\/seo\/ -->\n<title>WOJEW\u00d3DZKI SZPITAL SPECJALISTYCZNY - simm-system<\/title>\n<meta name=\"robots\" content=\"index, follow, max-snippet:-1, max-image-preview:large, max-video-preview:-1\" \/>\n<link rel=\"canonical\" href=\"https:\/\/simm-system.pl\/?page_id=246\" \/>\n<meta property=\"og:locale\" content=\"pl_PL\" \/>\n<meta property=\"og:type\" content=\"article\" \/>\n<meta property=\"og:title\" content=\"WOJEW\u00d3DZKI SZPITAL SPECJALISTYCZNY - simm-system\" \/>\n<meta property=\"og:description\" content=\"WOJEW\u00d3DZKI SZPITAL SPECJALISTYCZNY WE WROC\u0141AWIU, UL. KAMIE\u0143SKIEGO\" \/>\n<meta property=\"og:url\" content=\"https:\/\/simm-system.pl\/?page_id=246\" \/>\n<meta property=\"og:site_name\" content=\"simm-system\" \/>\n<meta property=\"article:modified_time\" content=\"2024-02-25T21:00:31+00:00\" \/>\n<meta property=\"og:image\" content=\"https:\/\/simm-system.pl\/wp-content\/uploads\/2024\/02\/img_20231124_144628-1024x768.jpg\" \/>\n<meta name=\"twitter:card\" content=\"summary_large_image\" \/>\n<script type=\"application\/ld+json\" class=\"yoast-schema-graph\">{\"@context\":\"https:\/\/schema.org\",\"@graph\":[{\"@type\":\"WebPage\",\"@id\":\"https:\/\/simm-system.pl\/?page_id=246\",\"url\":\"https:\/\/simm-system.pl\/?page_id=246\",\"name\":\"WOJEW\u00d3DZKI SZPITAL SPECJALISTYCZNY - simm-system\",\"isPartOf\":{\"@id\":\"https:\/\/simm-system.pl\/#website\"},\"datePublished\":\"2023-12-26T18:19:53+00:00\",\"dateModified\":\"2024-02-25T21:00:31+00:00\",\"breadcrumb\":{\"@id\":\"https:\/\/simm-system.pl\/?page_id=246#breadcrumb\"},\"inLanguage\":\"pl-PL\",\"potentialAction\":[{\"@type\":\"ReadAction\",\"target\":[\"https:\/\/simm-system.pl\/?page_id=246\"]}]},{\"@type\":\"BreadcrumbList\",\"@id\":\"https:\/\/simm-system.pl\/?page_id=246#breadcrumb\",\"itemListElement\":[{\"@type\":\"ListItem\",\"position\":1,\"name\":\"Home\",\"item\":\"https:\/\/simm-system.pl\/\"},{\"@type\":\"ListItem\",\"position\":2,\"name\":\"WOJEW\u00d3DZKI SZPITAL SPECJALISTYCZNY\"}]},{\"@type\":\"WebSite\",\"@id\":\"https:\/\/simm-system.pl\/#website\",\"url\":\"https:\/\/simm-system.pl\/\",\"name\":\"simm-system\",\"description\":\"Szkolenia za zakresu pierwszej pomocy BLS AED\",\"potentialAction\":[{\"@type\":\"SearchAction\",\"target\":{\"@type\":\"EntryPoint\",\"urlTemplate\":\"https:\/\/simm-system.pl\/?s={search_term_string}\"},\"query-input\":\"required name=search_term_string\"}],\"inLanguage\":\"pl-PL\"}]}<\/script>\n<!-- \/ Yoast SEO plugin. -->","yoast_head_json":{"title":"WOJEW\u00d3DZKI SZPITAL SPECJALISTYCZNY - simm-system","robots":{"index":"index","follow":"follow","max-snippet":"max-snippet:-1","max-image-preview":"max-image-preview:large","max-video-preview":"max-video-preview:-1"},"canonical":"https:\/\/simm-system.pl\/?page_id=246","og_locale":"pl_PL","og_type":"article","og_title":"WOJEW\u00d3DZKI SZPITAL SPECJALISTYCZNY - simm-system","og_description":"WOJEW\u00d3DZKI SZPITAL SPECJALISTYCZNY WE WROC\u0141AWIU, UL. KAMIE\u0143SKIEGO","og_url":"https:\/\/simm-system.pl\/?page_id=246","og_site_name":"simm-system","article_modified_time":"2024-02-25T21:00:31+00:00","og_image":[{"url":"https:\/\/simm-system.pl\/wp-content\/uploads\/2024\/02\/img_20231124_144628-1024x768.jpg"}],"twitter_card":"summary_large_image","schema":{"@context":"https:\/\/schema.org","@graph":[{"@type":"WebPage","@id":"https:\/\/simm-system.pl\/?page_id=246","url":"https:\/\/simm-system.pl\/?page_id=246","name":"WOJEW\u00d3DZKI SZPITAL SPECJALISTYCZNY - simm-system","isPartOf":{"@id":"https:\/\/simm-system.pl\/#website"},"datePublished":"2023-12-26T18:19:53+00:00","dateModified":"2024-02-25T21:00:31+00:00","breadcrumb":{"@id":"https:\/\/simm-system.pl\/?page_id=246#breadcrumb"},"inLanguage":"pl-PL","potentialAction":[{"@type":"ReadAction","target":["https:\/\/simm-system.pl\/?page_id=246"]}]},{"@type":"BreadcrumbList","@id":"https:\/\/simm-system.pl\/?page_id=246#breadcrumb","itemListElement":[{"@type":"ListItem","position":1,"name":"Home","item":"https:\/\/simm-system.pl\/"},{"@type":"ListItem","position":2,"name":"WOJEW\u00d3DZKI SZPITAL SPECJALISTYCZNY"}]},{"@type":"WebSite","@id":"https:\/\/simm-system.pl\/#website","url":"https:\/\/simm-system.pl\/","name":"simm-system","description":"Szkolenia za zakresu pierwszej pomocy BLS AED","potentialAction":[{"@type":"SearchAction","target":{"@type":"EntryPoint","urlTemplate":"https:\/\/simm-system.pl\/?s={search_term_string}"},"query-input":"required name=search_term_string"}],"inLanguage":"pl-PL"}]}},"_links":{"self":[{"href":"http:\/\/simm-system.pl\/index.php?rest_route=\/wp\/v2\/pages\/246","targetHints":{"allow":["GET"]}}],"collection":[{"href":"http:\/\/simm-system.pl\/index.php?rest_route=\/wp\/v2\/pages"}],"about":[{"href":"http:\/\/simm-system.pl\/index.php?rest_route=\/wp\/v2\/types\/page"}],"author":[{"embeddable":true,"href":"http:\/\/simm-system.pl\/index.php?rest_route=\/wp\/v2\/users\/1"}],"replies":[{"embeddable":true,"href":"http:\/\/simm-system.pl\/index.php?rest_route=%2Fwp%2Fv2%2Fcomments&post=246"}],"version-history":[{"count":3,"href":"http:\/\/simm-system.pl\/index.php?rest_route=\/wp\/v2\/pages\/246\/revisions"}],"predecessor-version":[{"id":471,"href":"http:\/\/simm-system.pl\/index.php?rest_route=\/wp\/v2\/pages\/246\/revisions\/471"}],"wp:attachment":[{"href":"http:\/\/simm-system.pl\/index.php?rest_route=%2Fwp%2Fv2%2Fmedia&parent=246"}],"curies":[{"name":"wp","href":"https:\/\/api.w.org\/{rel}","templated":true}]}}